8
In base 14, what is 1ac7 - -ad14?
c9db
In base 7, what is -1565 + 432412?
430514
In base 14, what is 1bd - -1aa23?
1ac02
In base 10, what is 1026125 - -2?
1026127
In base 4, what is -1 - 233303310020?
-233303310021
In base 12, what is 5 + 6b036958?
6b036961
In base 16, what is 3ca + a9cc?
ad96
In base 10, what is 0 - -55142853?
55142853
In base 13, what is 827ab13 - 2?
827ab11
In base 5, what is -41010 + 3122044?
3031034
In base 12, what is 996b3 + 187?
9987a
In base 2, what is 11110000 + 101001101010110?
101010001000110
In base 2, what is 1101001111001001010111 + -10011?
1101001111001001000100
In base 6, what is 4 - 102303234?
-102303230
In base 10, what is 58406 + -234?
58172
In base 6, what is 5 + 2325053234?
2325053243
In base 7, what is -6020636232 + -4?
-6020636236
In base 9, what is 175410 + -1145?
174254
In base 7, what is 60 - 42002252?
-42002162
In base 7, what is -253532326 - 1?
-253532330
In base 10, what is -2098635 - 0?
-2098635
In base 15, what is 6b0 + -359ed?
-3533d
In base 7, what is -5 + 220036061?
220036053
In base 8, what is -5 + 3277343?
3277336
In base 8, what is 12403630223 - 4?
12403630217
In base 10, what is 793 + 348387?
349180
In base 6, what is -2 + 53541522234?
53541522232
In base 16, what is 5 - 1fedfb?
-1fedf6
In base 10, what is 5 - 3197894?
-3197889
In base 4, what is 2113133122001 - -13?
2113133122020
In base 10, what is 2054923 - -2?
2054925
In base 6, what is -210530 + 213055?
2125
In base 6, what is 330512 + 245?
331201
In base 12, what is -b3b81 - -1a8?
-b3995
In base 11, what is -15140 + -1865?
-169a5
In base 9, what is 7 - -1361760?
1361767
In base 12, what is 67 - -164520?
164587
In base 14, what is 306a483 + 3?
306a486
In base 10, what is 30624642 + 20?
30624662
In base 3, what is 202212120220 + -12210?
202212101010
In base 5, what is 401431 + -4202?
342224
In base 9, what is 178 - -111700?
111878
In base 13, what is 177514 + 17?
17752b
In base 5, what is 2 - 113200211?
-113200204
In base 16, what is -12c37d + -9?
-12c386
In base 11, what is 36514 + 1706?
3811a
In base 3, what is 222210 + 210021021?
211021001
In base 12, what is 191791 + 8?
191799
In base 13, what is -27c030c + -6?
-27c0315
In base 16, what is 2bbad5 + 5?
2bbada
In base 4, what is -1023001011213 - 12?
-1023001011231
In base 13, what is -50b8 - -12ba?
-3acb
In base 5, what is -12123243 - -30012?
-12043231
In base 10, what is -81142 - 2842?
-83984
In base 11, what is 784 - 31357?
-30683
In base 16, what is 1b2 + 1ddfc?
1dfae
In base 6, what is 32 - 3313115?
-3313043
In base 3, what is 1002011101 + -1120011?
1000121020
In base 6, what is -5011242 - -4534?
-5002304
In base 16, what is -8a - -4b0cc?
4b042
In base 16, what is -80 - b3a?
-bba
In base 4, what is -31 - -101301311321?
101301311230
In base 15, what is -1e434b - 1e?
-1e436a
In base 10, what is -450 + 178192?
177742
In base 3, what is -110110 - -111110?
1000
In base 11, what is 4 + -556227aa?
-556227a6
In base 3, what is 21002020200 - 100100?
21001220100
In base 2, what is -1001010001010111110110001 + -10?
-1001010001010111110110011
In base 4, what is -11 + 132322120?
132322103
In base 2, what is -101 - 1001100111001010101011011?
-1001100111001010101100000
In base 11, what is -5175a - 5811?
-57470
In base 9, what is -617621247 - -5?
-617621242
In base 12, what is 135b + 12855?
13bb4
In base 8, what is 1433471 - -10260?
1443751
In base 4, what is 223010022110 - 12?
223010022032
In base 10, what is 294617 - -3331?
297948
In base 11, what is -2456256 + 173?
-2456093
In base 8, what is -315775 - -31?
-315744
In base 5, what is 302103 - 40403?
211200
In base 5, what is 110123401 - 40?
110123311
In base 3, what is 10020222012 - -10021222?
10101021011
In base 13, what is -106 - 110a6b?
-110b74
In base 2, what is 101100101 + -1001000100011111?
-1000111110111010
In base 9, what is 4 + 150045376?
150045381
In base 7, what is -21 - -1230123?
1230102
In base 10, what is 707 + -51241?
-50534
In base 7, what is 1106064 - 3345?
1102416
In base 7, what is 23133540 - 22?
23133515
In base 5, what is 10 + -130033204040?
-130033204030
In base 16, what is 9c3 - -1d0?
b93
In base 3, what is 10 - 122021011010?
-122021011000
In base 8, what is -7760301417 + 2?
-7760301415
In base 15, what is -26 - -3d2e74?
3d2e4d
In base 11, what is -a + -71356a7?
-7135706
In base 3, what is 1100 + 22222222220?
100000001020
In base 14, what is -32b3cb - 2?
-32b3cd
In base 8, what is 7601 - -20542?
30343
In base 9, what is -1112 + -126646?
-127758
In base 8, what is -20 + -154356?
-154376
In base 7, what is -22 + 5141230?
5141205
In base 14, what is -9482a - -10?
-9481a
In base 11, what is -1115119 + -7?
-1115125
In base 4, what is 3321301020 + 2101?
3321303121
In base 6, what is -10 - 23521335541?
-23521335551
In base 14, what is -1979 + 184?
-17d5
In base 5, what is 12230420013 + 2?
12230420020
In base 14, what is -403c97 - -17?
-403c80
In base 3, what is 11101002 - 21110110?
-10002101
In base 14, what is -9593 - 2c4b?
-c400
In base 13, what is -3 + -16a1b52?
-16a1b55
In base 10, what is 3678952 - -46?
3678998
In base 2, what is -101 + -110000011001011110110011011?
-110000011001011110110100000
In base 12, what is -227558 + -17?
-227573
In base 9, what is 0 - 14408437?
-14408437
In base 7, what is 2454524 + 3156?
2461013
In base 14, what is -220 - 15cb36?
-15cd56
In base 15, what is -5e + -121d3?
-12242
In base 11, what is 163a644 - -3?
163a647
In base 8, what is -1 + 25160440?
25160437
In base 6, what is -213350542 + -53?
-213351035
In base 12, what is -24 - 4b5b07?
-4b5b2b
In base 2, what is 10000110000 + -110000101010010?
-101110100100010
In base 10, what is 1 + -73559961?
-73559960
In base 13, what is -b3 + 6b428?
6b345
In base 14, what is 0 - -a2957?
a2957
In base 11, what is -3a8962 - 3?
-3a8965
In base 14, what is -10b0 - -9913?
8843
In base 14, what is c0a + -5443?
-4637
In base 7, what is -4 + 500250226?
500250222
In base 3, what is 22201022111020101 + 110?
22201022111020211
In base 16, what is 6dd3 - -120b?
7fde
In base 14, what is 15 - 353a9d?
-353a88
In base 14, what is -3041bc + 28?
-304194
In base 11, what is 374 - -115757?
116020
In base 15, what is -66ae7c + -5?
-66ae82
In base 14, what is 18c9a24 - -25?
18c9a49
In base 7, what is 4 - -60423314?
60423321
In base 4, what is 211121112 - -33?
211121211
In base 15, what is -e31 + -c245?
-d176
In base 7, what is 3460 + -10114?
-3324
In base 11, what is 6a2a - 299?
6741
In base 6, what is 31250221434 - 5?
31250221425
In base 3, what is -2020 - -101101202112?
101101200022
In base 13, what is 6c44747 + 7?
6c44751
In base 2, what is -10011 - 111001110000011001?
-111001110000101100
In base 7, what is -14430 - -2024045?
2006315
In base 15, what is -50 + 1a4b4b?
1a4aeb
In base 4, what is 10 + -2231131020?
-2231131010
In base 14, what is -7a3701 - -4?
-7a36db
In base 9, what is -1 - 231170512?
-231170513
In base 16, what is 2ec85 + 13?
2ec98
In base 4, what is -320022020 - 1001?
-320023021
In base 3, what is -122110 - 1010022011?
-1010221121
In base 15, what is 145 + -d98b?
-d846
In base 16, what is -174e18 + -88?
-174ea0
In base 9, what is -13255 - 272?
-13537
In base 16, what is 1c537 - -1fa?
1c731
In base 15, what is -dc16e - 1?
-dc170
In base 13, what is -5 + 43c382?
43c37a
In base 9, what is -46 + 631687?
631641
In base 16, what is -28e + -2879?
-2b07
In base 9, what is -1637116 - 103?
-1637220
In base 11, what is 9 - 20871592?
-20871584
In base 9, what is -4 + -48153576?
-48153581
In base 7, what is 1 - 40635010?
-40635006
In base 8, what is 173124 - 4220?
166704
In base 12, what is 5 + 19608554?
19608559
In base 5, what is -32302032131 - -3?
-32302032123
In base 3, what is -1 - 20202020211121011?
-20202020211121012
In base 2, what is 111110110011001001011001011110 - 100?
111110110011001001011001011010
In base 11, what is -77 - 8657a0?
-865867
In base 16, what is -8 - 2dfb04?
-2dfb0c
In base 15, what is -371b3b + 1?
-371b3a
In base 9, what is -20245152 + 4?
-20245147
In base 14, what is -1 + -39021d3?
-39021d4
In base 10, what is -138115 + 36?
-138079
In base 13, what is 3a583437 - -5?
3a58343c
In base 13, what is 295 - 20b7?
-1b22
In base 3, what is 20222211 + -1002112?
12220022
In base 7, what is 101 + -32342?
-32241
In base 5, what is 240 + 42014420?
4